{"id":17,"date":"2012-05-23T10:56:16","date_gmt":"2012-05-23T10:56:16","guid":{"rendered":"http:\/\/domingoaleman.es\/?page_id=17"},"modified":"2015-12-21T10:02:50","modified_gmt":"2015-12-21T10:02:50","slug":"catalogo-de-productos","status":"publish","type":"page","link":"https:\/\/domingoaleman.es\/?page_id=17","title":{"rendered":"Cat\u00e1logo de productos"},"content":{"rendered":"<p>Aqu\u00ed tienes una muestra de mis trabajos. Es imposible que est\u00e9n todos aqu\u00ed, pero te puedes hacer una idea de mis creaciones de artesan\u00eda si tienes algo en mente env\u00edame un boceto y te hago presupuesto sin compromiso.<\/p>\n<p>\t<div class=\"ngg-albumoverview\">\n\t\t\t\t\t<div class=\"ngg-album-compact\">\n\t\t\t\t<div class=\"ngg-album-compactbox\">\n\t\t\t\t\t<div class=\"ngg-album-link\">\n\t\t\t\t\t\t\t\t\t\t\t\t\t<a title='Decoraci\u00f3n' href='https:\/\/domingoaleman.es\/index.php\/nggallery\/catalgo-del-artesano\/decoracion?page_id=17'>\n\t\t\t\t\t\t\t\t<img class=\"Thumb\"\n\t\t\t\t\t\t\t\t\talt=\"Decoraci\u00f3n\"\n\t\t\t\t\t\t\t\t\tsrc=\"https:\/\/domingoaleman.es\/wp-content\/gallery\/decoracion\/cache\/decoracion-9.jpg-nggid0245-ngg0dyn-91x68-00f0w010c011r110f110r010t010.jpg\"\/>\n\t\t\t\t\t\t\t<\/a>\n\t\t\t\t\t\t\t\t\t\t\t<\/div>\n\t\t\t\t<\/div>\n\t\t\t\t\t\t\t\t<h4>\n\t\t\t\t\t<a class='ngg-album-desc'\n\t\t\t\t\t\ttitle='Decoraci\u00f3n' href='https:\/\/domingoaleman.es\/index.php\/nggallery\/catalgo-del-artesano\/decoracion?page_id=17'style=\"max-width: 111px\"\t\t\t\t\t>\n\t\t\t\t\t\tDecoraci\u00f3n\t\t\t\t\t<\/a>\n\t\t\t\t<\/h4>\n\t\t\t\t<p class=\"ngg-album-gallery-image-counter\">\n\t\t\t\t\t\t\t\t\t\t\t<strong>24<\/strong>&nbsp;Fotos\t\t\t\t\t\t\t\t\t<\/p>\n\t\t\t<\/div>\n\t\t\t\t\t<div class=\"ngg-album-compact\">\n\t\t\t\t<div class=\"ngg-album-compactbox\">\n\t\t\t\t\t<div class=\"ngg-album-link\">\n\t\t\t\t\t\t\t\t\t\t\t\t\t<a title='Muebles' href='https:\/\/domingoaleman.es\/index.php\/nggallery\/catalgo-del-artesano\/muebles?page_id=17'>\n\t\t\t\t\t\t\t\t<img class=\"Thumb\"\n\t\t\t\t\t\t\t\t\talt=\"Muebles\"\n\t\t\t\t\t\t\t\t\tsrc=\"https:\/\/domingoaleman.es\/wp-content\/gallery\/muebles\/cache\/muebles-7.jpg-nggid0217-ngg0dyn-91x68-00f0w010c011r110f110r010t010.jpg\"\/>\n\t\t\t\t\t\t\t<\/a>\n\t\t\t\t\t\t\t\t\t\t\t<\/div>\n\t\t\t\t<\/div>\n\t\t\t\t\t\t\t\t<h4>\n\t\t\t\t\t<a class='ngg-album-desc'\n\t\t\t\t\t\ttitle='Muebles' href='https:\/\/domingoaleman.es\/index.php\/nggallery\/catalgo-del-artesano\/muebles?page_id=17'style=\"max-width: 111px\"\t\t\t\t\t>\n\t\t\t\t\t\tMuebles\t\t\t\t\t<\/a>\n\t\t\t\t<\/h4>\n\t\t\t\t<p class=\"ngg-album-gallery-image-counter\">\n\t\t\t\t\t\t\t\t\t\t\t<strong>7<\/strong>&nbsp;Fotos\t\t\t\t\t\t\t\t\t<\/p>\n\t\t\t<\/div>\n\t\t\t\t\t<div class=\"ngg-album-compact\">\n\t\t\t\t<div class=\"ngg-album-compactbox\">\n\t\t\t\t\t<div class=\"ngg-album-link\">\n\t\t\t\t\t\t\t\t\t\t\t\t\t<a title='Juegos y rompecabezas' href='https:\/\/domingoaleman.es\/index.php\/nggallery\/catalgo-del-artesano\/juegos-y-rompecabezas?page_id=17'>\n\t\t\t\t\t\t\t\t<img class=\"Thumb\"\n\t\t\t\t\t\t\t\t\talt=\"Juegos y rompecabezas\"\n\t\t\t\t\t\t\t\t\tsrc=\"https:\/\/domingoaleman.es\/wp-content\/gallery\/juegos-y-rompecabezas\/cache\/Juegos-de-clavos.JPG-nggid03132-ngg0dyn-91x68-00f0w010c011r110f110r010t010.JPG\"\/>\n\t\t\t\t\t\t\t<\/a>\n\t\t\t\t\t\t\t\t\t\t\t<\/div>\n\t\t\t\t<\/div>\n\t\t\t\t\t\t\t\t<h4>\n\t\t\t\t\t<a class='ngg-album-desc'\n\t\t\t\t\t\ttitle='Juegos y rompecabezas' href='https:\/\/domingoaleman.es\/index.php\/nggallery\/catalgo-del-artesano\/juegos-y-rompecabezas?page_id=17'style=\"max-width: 111px\"\t\t\t\t\t>\n\t\t\t\t\t\tJuegos y rompecabezas\t\t\t\t\t<\/a>\n\t\t\t\t<\/h4>\n\t\t\t\t<p class=\"ngg-album-gallery-image-counter\">\n\t\t\t\t\t\t\t\t\t\t\t<strong>1<\/strong>&nbsp;Fotos\t\t\t\t\t\t\t\t\t<\/p>\n\t\t\t<\/div>\n\t\t\t\t\t<div class=\"ngg-album-compact\">\n\t\t\t\t<div class=\"ngg-album-compactbox\">\n\t\t\t\t\t<div class=\"ngg-album-link\">\n\t\t\t\t\t\t\t\t\t\t\t\t\t<a title='Puertas' href='https:\/\/domingoaleman.es\/index.php\/nggallery\/catalgo-del-artesano\/puertas?page_id=17'>\n\t\t\t\t\t\t\t\t<img class=\"Thumb\"\n\t\t\t\t\t\t\t\t\talt=\"Puertas\"\n\t\t\t\t\t\t\t\t\tsrc=\"https:\/\/domingoaleman.es\/wp-content\/gallery\/puertas\/cache\/puertas-4.jpg-nggid0221-ngg0dyn-91x68-00f0w010c011r110f110r010t010.jpg\"\/>\n\t\t\t\t\t\t\t<\/a>\n\t\t\t\t\t\t\t\t\t\t\t<\/div>\n\t\t\t\t<\/div>\n\t\t\t\t\t\t\t\t<h4>\n\t\t\t\t\t<a class='ngg-album-desc'\n\t\t\t\t\t\ttitle='Puertas' href='https:\/\/domingoaleman.es\/index.php\/nggallery\/catalgo-del-artesano\/puertas?page_id=17'style=\"max-width: 111px\"\t\t\t\t\t>\n\t\t\t\t\t\tPuertas\t\t\t\t\t<\/a>\n\t\t\t\t<\/h4>\n\t\t\t\t<p class=\"ngg-album-gallery-image-counter\">\n\t\t\t\t\t\t\t\t\t\t\t<strong>4<\/strong>&nbsp;Fotos\t\t\t\t\t\t\t\t\t<\/p>\n\t\t\t<\/div>\n\t\t\t\t\t<div class=\"ngg-album-compact\">\n\t\t\t\t<div class=\"ngg-album-compactbox\">\n\t\t\t\t\t<div class=\"ngg-album-link\">\n\t\t\t\t\t\t\t\t\t\t\t\t\t<a title='Camas' href='https:\/\/domingoaleman.es\/index.php\/nggallery\/catalgo-del-artesano\/camas?page_id=17'>\n\t\t\t\t\t\t\t\t<img class=\"Thumb\"\n\t\t\t\t\t\t\t\t\talt=\"Camas\"\n\t\t\t\t\t\t\t\t\tsrc=\"https:\/\/domingoaleman.es\/wp-content\/gallery\/camas\/cache\/cama-6.jpg-nggid017-ngg0dyn-91x68-00f0w010c011r110f110r010t010.jpg\"\/>\n\t\t\t\t\t\t\t<\/a>\n\t\t\t\t\t\t\t\t\t\t\t<\/div>\n\t\t\t\t<\/div>\n\t\t\t\t\t\t\t\t<h4>\n\t\t\t\t\t<a class='ngg-album-desc'\n\t\t\t\t\t\ttitle='Camas' href='https:\/\/domingoaleman.es\/index.php\/nggallery\/catalgo-del-artesano\/camas?page_id=17'style=\"max-width: 111px\"\t\t\t\t\t>\n\t\t\t\t\t\tCamas\t\t\t\t\t<\/a>\n\t\t\t\t<\/h4>\n\t\t\t\t<p class=\"ngg-album-gallery-image-counter\">\n\t\t\t\t\t\t\t\t\t\t\t<strong>10<\/strong>&nbsp;Fotos\t\t\t\t\t\t\t\t\t<\/p>\n\t\t\t<\/div>\n\t\t\t\t\t<div class=\"ngg-album-compact\">\n\t\t\t\t<div class=\"ngg-album-compactbox\">\n\t\t\t\t\t<div class=\"ngg-album-link\">\n\t\t\t\t\t\t\t\t\t\t\t\t\t<a title='Escaleras' href='https:\/\/domingoaleman.es\/index.php\/nggallery\/catalgo-del-artesano\/escaleras?page_id=17'>\n\t\t\t\t\t\t\t\t<img class=\"Thumb\"\n\t\t\t\t\t\t\t\t\talt=\"Escaleras\"\n\t\t\t\t\t\t\t\t\tsrc=\"https:\/\/domingoaleman.es\/wp-content\/gallery\/escaleras\/cache\/escalera-9.jpg-nggid0269-ngg0dyn-91x68-00f0w010c011r110f110r010t010.jpg\"\/>\n\t\t\t\t\t\t\t<\/a>\n\t\t\t\t\t\t\t\t\t\t\t<\/div>\n\t\t\t\t<\/div>\n\t\t\t\t\t\t\t\t<h4>\n\t\t\t\t\t<a class='ngg-album-desc'\n\t\t\t\t\t\ttitle='Escaleras' href='https:\/\/domingoaleman.es\/index.php\/nggallery\/catalgo-del-artesano\/escaleras?page_id=17'style=\"max-width: 111px\"\t\t\t\t\t>\n\t\t\t\t\t\tEscaleras\t\t\t\t\t<\/a>\n\t\t\t\t<\/h4>\n\t\t\t\t<p class=\"ngg-album-gallery-image-counter\">\n\t\t\t\t\t\t\t\t\t\t\t<strong>24<\/strong>&nbsp;Fotos\t\t\t\t\t\t\t\t\t<\/p>\n\t\t\t<\/div>\n\t\t\t\t\t<div class=\"ngg-album-compact\">\n\t\t\t\t<div class=\"ngg-album-compactbox\">\n\t\t\t\t\t<div class=\"ngg-album-link\">\n\t\t\t\t\t\t\t\t\t\t\t\t\t<a title='L\u00e1mparas' href='https:\/\/domingoaleman.es\/index.php\/nggallery\/catalgo-del-artesano\/lamparas?page_id=17'>\n\t\t\t\t\t\t\t\t<img class=\"Thumb\"\n\t\t\t\t\t\t\t\t\talt=\"L\u00e1mparas\"\n\t\t\t\t\t\t\t\t\tsrc=\"https:\/\/domingoaleman.es\/wp-content\/gallery\/lamparas\/cache\/lamparas-5.jpg-nggid0293-ngg0dyn-91x68-00f0w010c011r110f110r010t010.jpg\"\/>\n\t\t\t\t\t\t\t<\/a>\n\t\t\t\t\t\t\t\t\t\t\t<\/div>\n\t\t\t\t<\/div>\n\t\t\t\t\t\t\t\t<h4>\n\t\t\t\t\t<a class='ngg-album-desc'\n\t\t\t\t\t\ttitle='L\u00e1mparas' href='https:\/\/domingoaleman.es\/index.php\/nggallery\/catalgo-del-artesano\/lamparas?page_id=17'style=\"max-width: 111px\"\t\t\t\t\t>\n\t\t\t\t\t\tL\u00e1mparas\t\t\t\t\t<\/a>\n\t\t\t\t<\/h4>\n\t\t\t\t<p class=\"ngg-album-gallery-image-counter\">\n\t\t\t\t\t\t\t\t\t\t\t<strong>5<\/strong>&nbsp;Fotos\t\t\t\t\t\t\t\t\t<\/p>\n\t\t\t<\/div>\n\t\t\t\t\t<div class=\"ngg-album-compact\">\n\t\t\t\t<div class=\"ngg-album-compactbox\">\n\t\t\t\t\t<div class=\"ngg-album-link\">\n\t\t\t\t\t\t\t\t\t\t\t\t\t<a title='Colgantes' href='https:\/\/domingoaleman.es\/index.php\/nggallery\/catalgo-del-artesano\/colgantes?page_id=17'>\n\t\t\t\t\t\t\t\t<img class=\"Thumb\"\n\t\t\t\t\t\t\t\t\talt=\"Colgantes\"\n\t\t\t\t\t\t\t\t\tsrc=\"https:\/\/domingoaleman.es\/wp-content\/gallery\/colgantes\/cache\/Aluminio-y-lat%C3%B3n.JPG-nggid03128-ngg0dyn-91x68-00f0w010c011r110f110r010t010.JPG\"\/>\n\t\t\t\t\t\t\t<\/a>\n\t\t\t\t\t\t\t\t\t\t\t<\/div>\n\t\t\t\t<\/div>\n\t\t\t\t\t\t\t\t<h4>\n\t\t\t\t\t<a class='ngg-album-desc'\n\t\t\t\t\t\ttitle='Colgantes' href='https:\/\/domingoaleman.es\/index.php\/nggallery\/catalgo-del-artesano\/colgantes?page_id=17'style=\"max-width: 111px\"\t\t\t\t\t>\n\t\t\t\t\t\tColgantes\t\t\t\t\t<\/a>\n\t\t\t\t<\/h4>\n\t\t\t\t<p class=\"ngg-album-gallery-image-counter\">\n\t\t\t\t\t\t\t\t\t\t\t<strong>4<\/strong>&nbsp;Fotos\t\t\t\t\t\t\t\t\t<\/p>\n\t\t\t<\/div>\n\t\t\t\t\t<div class=\"ngg-album-compact\">\n\t\t\t\t<div class=\"ngg-album-compactbox\">\n\t\t\t\t\t<div class=\"ngg-album-link\">\n\t\t\t\t\t\t\t\t\t\t\t\t\t<a title='La re-invenci\u00f3n de la Rueca.' href='https:\/\/domingoaleman.es\/index.php\/nggallery\/catalgo-del-artesano\/la-re-invencion-de-la-rueca?page_id=17'>\n\t\t\t\t\t\t\t\t<img class=\"Thumb\"\n\t\t\t\t\t\t\t\t\talt=\"La re-invenci\u00f3n de la Rueca.\"\n\t\t\t\t\t\t\t\t\tsrc=\"\"\/>\n\t\t\t\t\t\t\t<\/a>\n\t\t\t\t\t\t\t\t\t\t\t<\/div>\n\t\t\t\t<\/div>\n\t\t\t\t\t\t\t\t<h4>\n\t\t\t\t\t<a class='ngg-album-desc'\n\t\t\t\t\t\ttitle='La re-invenci\u00f3n de la Rueca.' href='https:\/\/domingoaleman.es\/index.php\/nggallery\/catalgo-del-artesano\/la-re-invencion-de-la-rueca?page_id=17'style=\"max-width: 111px\"\t\t\t\t\t>\n\t\t\t\t\t\tLa re-invenci\u00f3n de la Rueca.\t\t\t\t\t<\/a>\n\t\t\t\t<\/h4>\n\t\t\t\t<p class=\"ngg-album-gallery-image-counter\">\n\t\t\t\t\t\t\t\t\t\t\t&nbsp;\n\t\t\t\t\t\t\t\t\t<\/p>\n\t\t\t<\/div>\n\t\t\t\t\t<div class=\"ngg-album-compact\">\n\t\t\t\t<div class=\"ngg-album-compactbox\">\n\t\t\t\t\t<div class=\"ngg-album-link\">\n\t\t\t\t\t\t\t\t\t\t\t\t\t<a title='Barricas, barriles y duelas' href='https:\/\/domingoaleman.es\/index.php\/nggallery\/catalgo-del-artesano\/barricas-barriles-y-duelas?page_id=17'>\n\t\t\t\t\t\t\t\t<img class=\"Thumb\"\n\t\t\t\t\t\t\t\t\talt=\"Barricas, barriles y duelas\"\n\t\t\t\t\t\t\t\t\tsrc=\"\"\/>\n\t\t\t\t\t\t\t<\/a>\n\t\t\t\t\t\t\t\t\t\t\t<\/div>\n\t\t\t\t<\/div>\n\t\t\t\t\t\t\t\t<h4>\n\t\t\t\t\t<a class='ngg-album-desc'\n\t\t\t\t\t\ttitle='Barricas, barriles y duelas' href='https:\/\/domingoaleman.es\/index.php\/nggallery\/catalgo-del-artesano\/barricas-barriles-y-duelas?page_id=17'style=\"max-width: 111px\"\t\t\t\t\t>\n\t\t\t\t\t\tBarricas, barriles y duelas\t\t\t\t\t<\/a>\n\t\t\t\t<\/h4>\n\t\t\t\t<p class=\"ngg-album-gallery-image-counter\">\n\t\t\t\t\t\t\t\t\t\t\t&nbsp;\n\t\t\t\t\t\t\t\t\t<\/p>\n\t\t\t<\/div>\n\t\t\t\t\t<div class=\"ngg-album-compact\">\n\t\t\t\t<div class=\"ngg-album-compactbox\">\n\t\t\t\t\t<div class=\"ngg-album-link\">\n\t\t\t\t\t\t\t\t\t\t\t\t\t<a title='Varios' href='https:\/\/domingoaleman.es\/index.php\/nggallery\/catalgo-del-artesano\/varios?page_id=17'>\n\t\t\t\t\t\t\t\t<img class=\"Thumb\"\n\t\t\t\t\t\t\t\t\talt=\"Varios\"\n\t\t\t\t\t\t\t\t\tsrc=\"https:\/\/domingoaleman.es\/wp-content\/gallery\/varios\/cache\/varios-9.jpg-nggid03127-ngg0dyn-91x68-00f0w010c011r110f110r010t010.jpg\"\/>\n\t\t\t\t\t\t\t<\/a>\n\t\t\t\t\t\t\t\t\t\t\t<\/div>\n\t\t\t\t<\/div>\n\t\t\t\t\t\t\t\t<h4>\n\t\t\t\t\t<a class='ngg-album-desc'\n\t\t\t\t\t\ttitle='Varios' href='https:\/\/domingoaleman.es\/index.php\/nggallery\/catalgo-del-artesano\/varios?page_id=17'style=\"max-width: 111px\"\t\t\t\t\t>\n\t\t\t\t\t\tVarios\t\t\t\t\t<\/a>\n\t\t\t\t<\/h4>\n\t\t\t\t<p class=\"ngg-album-gallery-image-counter\">\n\t\t\t\t\t\t\t\t\t\t\t<strong>33<\/strong>&nbsp;Fotos\t\t\t\t\t\t\t\t\t<\/p>\n\t\t\t<\/div>\n\t\t\t\t\t<div class=\"ngg-album-compact\">\n\t\t\t\t<div class=\"ngg-album-compactbox\">\n\t\t\t\t\t<div class=\"ngg-album-link\">\n\t\t\t\t\t\t\t\t\t\t\t\t\t<a title='Ferias de Artesan\u00eda' href='https:\/\/domingoaleman.es\/index.php\/nggallery\/catalgo-del-artesano\/ferias-de-artesania?page_id=17'>\n\t\t\t\t\t\t\t\t<img class=\"Thumb\"\n\t\t\t\t\t\t\t\t\talt=\"Ferias de Artesan\u00eda\"\n\t\t\t\t\t\t\t\t\tsrc=\"https:\/\/domingoaleman.es\/wp-content\/gallery\/ferias-de-artesania\/cache\/ferias-9.jpg-nggid0288-ngg0dyn-91x68-00f0w010c011r110f110r010t010.jpg\"\/>\n\t\t\t\t\t\t\t<\/a>\n\t\t\t\t\t\t\t\t\t\t\t<\/div>\n\t\t\t\t<\/div>\n\t\t\t\t\t\t\t\t<h4>\n\t\t\t\t\t<a class='ngg-album-desc'\n\t\t\t\t\t\ttitle='Ferias de Artesan\u00eda' href='https:\/\/domingoaleman.es\/index.php\/nggallery\/catalgo-del-artesano\/ferias-de-artesania?page_id=17'style=\"max-width: 111px\"\t\t\t\t\t>\n\t\t\t\t\t\tFerias de Artesan\u00eda\t\t\t\t\t<\/a>\n\t\t\t\t<\/h4>\n\t\t\t\t<p class=\"ngg-album-gallery-image-counter\">\n\t\t\t\t\t\t\t\t\t\t\t<strong>19<\/strong>&nbsp;Fotos\t\t\t\t\t\t\t\t\t<\/p>\n\t\t\t<\/div>\n\t\t\t\t<br class=\"ngg-clear\"\/>\n\t\t<div class='ngg-clear'><\/div>\t<\/div>\n<\/p>\n<p>&nbsp;<\/p>\n<h3>Im\u00e1genes Relacionadas:<\/h3>","protected":false},"excerpt":{"rendered":"<p>Aqu\u00ed tienes una muestra de mis trabajos. Es imposible que est\u00e9n todos aqu\u00ed, pero te puedes hacer una idea de mis creaciones de artesan\u00eda si tienes algo en mente env\u00edame un boceto y te hago presupuesto sin compromiso. Decoraci\u00f3n 24&nbsp;Fotos Muebles 7&nbsp;Fotos Juegos y rompecabezas 1&nbsp;Fotos Puertas 4&nbsp;Fotos Camas 10&nbsp;Fotos Escaleras 24&nbsp;Fotos L\u00e1mparas 5&nbsp;Fotos Colgantes &hellip; <a class=\"read-excerpt\" href=\"https:\/\/domingoaleman.es\/?page_id=17\">Continue reading <span class=\"meta-nav\">&raquo;<\/span><\/a><\/p>\n","protected":false},"author":1,"featured_media":0,"parent":0,"menu_order":0,"comment_status":"closed","ping_status":"closed","template":"","meta":{"ngg_post_thumbnail":0,"footnotes":""},"class_list":["post-17","page","type-page","status-publish","hentry"],"yoast_head":"<!-- This site is optimized with the Yoast SEO plugin v27.2 - https:\/\/yoast.com\/product\/yoast-seo-wordpress\/ -->\n<title>Cat\u00e1logo de productos - ARTESANO EN HIERRO<\/title>\n<meta name=\"robots\" content=\"index, follow, max-snippet:-1, max-image-preview:large, max-video-preview:-1\" \/>\n<link rel=\"canonical\" href=\"https:\/\/domingoaleman.es\/?page_id=17\" \/>\n<meta property=\"og:locale\" content=\"es_ES\" \/>\n<meta property=\"og:type\" content=\"article\" \/>\n<meta property=\"og:title\" content=\"Cat\u00e1logo de productos - ARTESANO EN HIERRO\" \/>\n<meta property=\"og:description\" content=\"Aqu\u00ed tienes una muestra de mis trabajos. Es imposible que est\u00e9n todos aqu\u00ed, pero te puedes hacer una idea de mis creaciones de artesan\u00eda si tienes algo en mente env\u00edame un boceto y te hago presupuesto sin compromiso. Decoraci\u00f3n 24&nbsp;Fotos Muebles 7&nbsp;Fotos Juegos y rompecabezas 1&nbsp;Fotos Puertas 4&nbsp;Fotos Camas 10&nbsp;Fotos Escaleras 24&nbsp;Fotos L\u00e1mparas 5&nbsp;Fotos Colgantes &hellip; Continue reading &raquo;\" \/>\n<meta property=\"og:url\" content=\"https:\/\/domingoaleman.es\/?page_id=17\" \/>\n<meta property=\"og:site_name\" content=\"ARTESANO EN HIERRO\" \/>\n<meta property=\"article:modified_time\" content=\"2015-12-21T10:02:50+00:00\" \/>\n<meta property=\"og:image\" content=\"http:\/\/domingoaleman.es\/index.php\/nextgen-attach_to_post\/preview\/id--339\" \/>\n<meta name=\"twitter:card\" content=\"summary_large_image\" \/>\n<script type=\"application\/ld+json\" class=\"yoast-schema-graph\">{\"@context\":\"https:\/\/schema.org\",\"@graph\":[{\"@type\":\"WebPage\",\"@id\":\"https:\/\/domingoaleman.es\/?page_id=17\",\"url\":\"https:\/\/domingoaleman.es\/?page_id=17\",\"name\":\"Cat\u00e1logo de productos - ARTESANO EN HIERRO\",\"isPartOf\":{\"@id\":\"https:\/\/domingoaleman.es\/#website\"},\"primaryImageOfPage\":{\"@id\":\"https:\/\/domingoaleman.es\/?page_id=17#primaryimage\"},\"image\":{\"@id\":\"https:\/\/domingoaleman.es\/?page_id=17#primaryimage\"},\"thumbnailUrl\":\"http:\/\/domingoaleman.es\/index.php\/nextgen-attach_to_post\/preview\/id--339\",\"datePublished\":\"2012-05-23T10:56:16+00:00\",\"dateModified\":\"2015-12-21T10:02:50+00:00\",\"breadcrumb\":{\"@id\":\"https:\/\/domingoaleman.es\/?page_id=17#breadcrumb\"},\"inLanguage\":\"es\",\"potentialAction\":[{\"@type\":\"ReadAction\",\"target\":[\"https:\/\/domingoaleman.es\/?page_id=17\"]}]},{\"@type\":\"ImageObject\",\"inLanguage\":\"es\",\"@id\":\"https:\/\/domingoaleman.es\/?page_id=17#primaryimage\",\"url\":\"http:\/\/domingoaleman.es\/index.php\/nextgen-attach_to_post\/preview\/id--339\",\"contentUrl\":\"http:\/\/domingoaleman.es\/index.php\/nextgen-attach_to_post\/preview\/id--339\"},{\"@type\":\"BreadcrumbList\",\"@id\":\"https:\/\/domingoaleman.es\/?page_id=17#breadcrumb\",\"itemListElement\":[{\"@type\":\"ListItem\",\"position\":1,\"name\":\"Portada\",\"item\":\"https:\/\/domingoaleman.es\/\"},{\"@type\":\"ListItem\",\"position\":2,\"name\":\"Cat\u00e1logo de productos\"}]},{\"@type\":\"WebSite\",\"@id\":\"https:\/\/domingoaleman.es\/#website\",\"url\":\"https:\/\/domingoaleman.es\/\",\"name\":\"ARTESANO EN HIERRO\",\"description\":\"Forjador y artesano en hierro\",\"potentialAction\":[{\"@type\":\"SearchAction\",\"target\":{\"@type\":\"EntryPoint\",\"urlTemplate\":\"https:\/\/domingoaleman.es\/?s={search_term_string}\"},\"query-input\":{\"@type\":\"PropertyValueSpecification\",\"valueRequired\":true,\"valueName\":\"search_term_string\"}}],\"inLanguage\":\"es\"}]}<\/script>\n<!-- \/ Yoast SEO plugin. -->","yoast_head_json":{"title":"Cat\u00e1logo de productos - ARTESANO EN HIERRO","robots":{"index":"index","follow":"follow","max-snippet":"max-snippet:-1","max-image-preview":"max-image-preview:large","max-video-preview":"max-video-preview:-1"},"canonical":"https:\/\/domingoaleman.es\/?page_id=17","og_locale":"es_ES","og_type":"article","og_title":"Cat\u00e1logo de productos - ARTESANO EN HIERRO","og_description":"Aqu\u00ed tienes una muestra de mis trabajos. Es imposible que est\u00e9n todos aqu\u00ed, pero te puedes hacer una idea de mis creaciones de artesan\u00eda si tienes algo en mente env\u00edame un boceto y te hago presupuesto sin compromiso. Decoraci\u00f3n 24&nbsp;Fotos Muebles 7&nbsp;Fotos Juegos y rompecabezas 1&nbsp;Fotos Puertas 4&nbsp;Fotos Camas 10&nbsp;Fotos Escaleras 24&nbsp;Fotos L\u00e1mparas 5&nbsp;Fotos Colgantes &hellip; Continue reading &raquo;","og_url":"https:\/\/domingoaleman.es\/?page_id=17","og_site_name":"ARTESANO EN HIERRO","article_modified_time":"2015-12-21T10:02:50+00:00","og_image":[{"url":"http:\/\/domingoaleman.es\/index.php\/nextgen-attach_to_post\/preview\/id--339","type":"","width":"","height":""}],"twitter_card":"summary_large_image","schema":{"@context":"https:\/\/schema.org","@graph":[{"@type":"WebPage","@id":"https:\/\/domingoaleman.es\/?page_id=17","url":"https:\/\/domingoaleman.es\/?page_id=17","name":"Cat\u00e1logo de productos - ARTESANO EN HIERRO","isPartOf":{"@id":"https:\/\/domingoaleman.es\/#website"},"primaryImageOfPage":{"@id":"https:\/\/domingoaleman.es\/?page_id=17#primaryimage"},"image":{"@id":"https:\/\/domingoaleman.es\/?page_id=17#primaryimage"},"thumbnailUrl":"http:\/\/domingoaleman.es\/index.php\/nextgen-attach_to_post\/preview\/id--339","datePublished":"2012-05-23T10:56:16+00:00","dateModified":"2015-12-21T10:02:50+00:00","breadcrumb":{"@id":"https:\/\/domingoaleman.es\/?page_id=17#breadcrumb"},"inLanguage":"es","potentialAction":[{"@type":"ReadAction","target":["https:\/\/domingoaleman.es\/?page_id=17"]}]},{"@type":"ImageObject","inLanguage":"es","@id":"https:\/\/domingoaleman.es\/?page_id=17#primaryimage","url":"http:\/\/domingoaleman.es\/index.php\/nextgen-attach_to_post\/preview\/id--339","contentUrl":"http:\/\/domingoaleman.es\/index.php\/nextgen-attach_to_post\/preview\/id--339"},{"@type":"BreadcrumbList","@id":"https:\/\/domingoaleman.es\/?page_id=17#breadcrumb","itemListElement":[{"@type":"ListItem","position":1,"name":"Portada","item":"https:\/\/domingoaleman.es\/"},{"@type":"ListItem","position":2,"name":"Cat\u00e1logo de productos"}]},{"@type":"WebSite","@id":"https:\/\/domingoaleman.es\/#website","url":"https:\/\/domingoaleman.es\/","name":"ARTESANO EN HIERRO","description":"Forjador y artesano en hierro","potentialAction":[{"@type":"SearchAction","target":{"@type":"EntryPoint","urlTemplate":"https:\/\/domingoaleman.es\/?s={search_term_string}"},"query-input":{"@type":"PropertyValueSpecification","valueRequired":true,"valueName":"search_term_string"}}],"inLanguage":"es"}]}},"_links":{"self":[{"href":"https:\/\/domingoaleman.es\/index.php?rest_route=\/wp\/v2\/pages\/17","targetHints":{"allow":["GET"]}}],"collection":[{"href":"https:\/\/domingoaleman.es\/index.php?rest_route=\/wp\/v2\/pages"}],"about":[{"href":"https:\/\/domingoaleman.es\/index.php?rest_route=\/wp\/v2\/types\/page"}],"author":[{"embeddable":true,"href":"https:\/\/domingoaleman.es\/index.php?rest_route=\/wp\/v2\/users\/1"}],"replies":[{"embeddable":true,"href":"https:\/\/domingoaleman.es\/index.php?rest_route=%2Fwp%2Fv2%2Fcomments&post=17"}],"version-history":[{"count":10,"href":"https:\/\/domingoaleman.es\/index.php?rest_route=\/wp\/v2\/pages\/17\/revisions"}],"predecessor-version":[{"id":340,"href":"https:\/\/domingoaleman.es\/index.php?rest_route=\/wp\/v2\/pages\/17\/revisions\/340"}],"wp:attachment":[{"href":"https:\/\/domingoaleman.es\/index.php?rest_route=%2Fwp%2Fv2%2Fmedia&parent=17"}],"curies":[{"name":"wp","href":"https:\/\/api.w.org\/{rel}","templated":true}]}}